common divisor of b and 42.
14
Let l be (-1 + 0)*(42/(-7) - 5). Calculate the highest common factor of l and 2.
1
Suppose z - 10 = -z. Suppose -z + 0 = -w. Suppose -195 - 45 = -w*q. Calculate the greatest common factor of 24 and q.
24
Let a(z) = -2*z**3 - 41*z**2 + 19*z - 36. Let n be a(-21). What is the highest common factor of 1014 and n?
6
Let y(z) = -9*z - 4. Let r(m) = -2*m**2 + 3*m - 2. Let b be r(2). Let w be y(b). Suppose d - 16 = w. Calculate the greatest common factor of d and 12.
12
Let m(d) = -3*d - 23. Let x be m(-10). Calculate the highest common divisor of 1 and x.
1
Let a(r) = -r**3 - r**2 - r + 36. Let n be a(0). Let z = -431 - -455. Calculate the highest common factor of n and z.
12
Let f = -1878 - -1946. What is the highest common divisor of 56 and f?
4
Suppose 28*j = 19*j - 18. Suppose f + 8 = -y, 0 = 2*y - 3*f + 13 - 2. Let o = j - y. Calculate the highest common divisor of 25 and o.
5
Let z be 274/18 - (-48)/(-216). Calculate the highest common factor of 405 and z.
15
Suppose -10 - 4 = 2*c. Let m(b) = b**3 + 8*b**2 + 6*b - 5. Let v be m(c). Let x be ((-168)/(-98))/(v/21). What is the greatest common divisor of x and 198?
18
Let i(c) = -c**2 + c - 5. Let j be i(0). Let u be (-1)/j - 99/45. Let m be 11 + u + 3/(-1). What is the greatest common factor of 2 and m?
2
Suppose 12*m = m + 3762. Calculate the highest common factor of m and 45.
9
Suppose 67*h + u + 17 = 68*h, 4*h = -5*u + 95. Suppose 3*k + 3*d = -0*k + 39, -3*k + d = -27. What is the highest common divisor of k and h?
10
Let z(m) = 14*m + 69. Let p be z(-17). Let d = 379 + p. Calculate the highest common factor of d and 30.
30
Suppose 2*z = 3*z - 3*y - 12, -2*z = 5*y - 57. Suppose 24 = 5*m - z. What is the highest common factor of 99 and m?
9
Suppose 0 = 5*g - 10. Suppose -2*z + 2*u + 62 = -0*u, g*z + 5*u = 90. What is the greatest common factor of 175 and z?
35
Suppose -5*v = -5*g - 155, 3*v - 24 = -4*g + 62. Calculate the greatest common factor of 45 and v.
15
Let r be 5*(-1)/(-2)*2. Suppose 3*c - 2366 = 3*n - 2192, -4*c + 208 = 4*n. What is the greatest common factor of r and c?
5
Let t(l) = 2*l - 1. Let k be t(4). Suppose -5*x = -126*x + 672 + 175. Calculate the highest common divisor of k and x.
7
Let g = -76 + 79. Suppose -3*y = -3*v - 156, v + 97 = g*y - 53. Calculate the greatest common factor of y and 7.
7
Let m(z) = 5*z - 11. Let f = 40 + -36. Let s be m(f). Calculate the highest common factor of 3 and s.
3
Let i(f) = -16*f. Let o be -1 - 0/(2/2). Let a be i(o). Let r(k) = k**2 - 5*k + 2. Let t be r(5). Calculate the highest common divisor of t and a.
2
Let u(p) = p + 1. Let l be u(2). Suppose -l*v + 25 - 40 = 0. Let f = 41 + v. What is the greatest common divisor of 54 and f?
18
Suppose 75 = 2*n + n. Suppose -x + n = 4*x. Let c(t) = 3*t + 47. Let u be c(-4). What is the highest common factor of x and u?
5
Suppose -3*n = 5*r - 77 - 23, 0 = 2*r + 2*n - 44. Suppose -77 = -3*s - r. What is the highest common factor of s and 50?
10
Let a be (-3 - -1) + 10/(-4)*-2. Let q be -1 + 4/a + (-5907)/(-99). Calculate the greatest common factor of q and 5.
5
Suppose -4*j = -8*j + 388. Suppose 4*q - 2*y - 132 = 2*y, -y - j = -3*q. Let v(n) = n**2 + 2*n. Let h be v(6). Calculate the greatest common factor of q and h.
16
Suppose -c - 3*c = j - 3580, 6*j = c - 920. Calculate the greatest common factor of 84 and c.
28
Let k = 377 + 55. Calculate the greatest common factor of 54 and k.
54
Suppose -3*o - 237 = -3*j + 396, -609 = -3*j - 5*o. Suppose 32 = 5*z - j. What is the highest common factor of 24 and z?
24
Suppose 42*c + 2414 = 59*c. Calculate the greatest common divisor of c and 4402.
142
Let z be (14 - -6)*(-7 + 137). Calculate the greatest common divisor of 20 and z.
20
Let t be 1 - 0 - (3/1 - 15). Let c = -39 + 114. Let a = -23 + c. What is the greatest common factor of a and t?
13
Suppose -3*x + 17 = 4*u, 5 = 4*u - 3. Suppose z + 32 = 3*z - f, 2*z + 3*f - 32 = 0. Let y = 28 - z. What is the greatest common divisor of x and y?
3
Suppose 3*w - 5*l + 29 = 0, 1 = -3*l + 13. Let x be ((-5)/10)/((-1)/(-4)). Let t = x - w. What is the greatest common divisor of 2 and t?
1
Let p = -3 - -5. Suppose 5*o - 69 + 25 = 3*g, 0 = o + p*g - 1. Let y(q) = 5*q + 6. Let i be y(3). What is the greatest common divisor of o and i?
7
Suppose 5*b - 96 = -36. Suppose 15*v = 12*v + 23205. Let k be (-2)/b - v/(-78). What is the greatest common divisor of k and 11?
11
Let q be (12/(-15))/((-88)/3300). What is the greatest common divisor of 1830 and q?
30
Let j be (-1)/4*2 - (-2310)/12. What is the highest common divisor of 24 and j?
24
Let d be (2 + -6)*(-1 + -1). Let u(g) = -18*g - 15*g + 32*g + 16. Let j be u(4). What is the highest common divisor of d and j?
4
Suppose -2*h - 17 = -15. Let r(k) = k**2 - k + 1. Let y be r(h). Suppose -13 = -5*l - y. Calculate the greatest common factor of 10 and l.
2
Suppose 3*p = 4*q - 7, -16*p + 20*p - 5*q = -8. Let s = -7 - -11. Suppose 5*n - s = -3*y + 95, -61 = -3*n - y. What is the greatest common factor of p and n?
3
Suppose -11*a + 9*a + 1580 = 0. Let o = a + -551. Suppose -o - 125 = -2*d. Calculate the highest common divisor of d and 26.
26
Let v = -263 - -311. Calculate the greatest common divisor of 168 and v.
24
Suppose 515 = 13*o - 18*o. Let x = -67 - o. What is the greatest common factor of 144 and x?
36
Suppose -2*n - 3*a + 19 = -5, 0 = -5*a. Calculate the greatest common divisor of n and 12.
12
Let x be (-131)/(-1) - (-10 + 8). Suppose -h + 2*h = -4*k + 76, 2*k + h - 38 = 0. Calculate the highest common divisor of x and k.
19
Let i be -1*(2/(-1) + -3). Let t be i/(-25) + 22/10. Suppose -33 = -4*n + s + 24, -3*n + t*s = -44. Calculate the highest common divisor of n and 35.
7
Let x = -1732 - -1789. Calculate the highest common factor of x and 6213.
57
Let i = -5 - -10. Suppose 0*h = 5*h + i. Let d be 288/8 - (-1)/h. Calculate the highest common divisor of 14 and d.
7
Let r(n) = -n + 13. Let x be r(-7). Suppose 3*z - 11 + 3 = a, -x = -4*a - z. Suppose a*d - 28 = 52. What is the highest common divisor of 4 and d?
4
Let w be (-1364)/(-14) + -1*8/(-14). Let k = w + -56. What is the greatest common divisor of 28 and k?
14
Let c(y) = 0*y**2 - 37 - 51*y - 4*y**2 - y**2 + 3*y**2. Let f be c(-22). Calculate the highest common factor of 13 and f.
13
Let f(r) be the second derivative of r**4/3 - 2*r**3/3 + 3*r**2/2 + 29*r. Let a be f(2). What is the greatest common factor of 22 and a?
11
Let s = -630 - -1530. Calculate the greatest common divisor of s and 100.
100
Let r = -2587 + 2600. Suppose 0 = 4*j - 47 - 109. Calculate the greatest common divisor of r and j.
13
Let r be 12/(3 - (-28)/(-12)). What is the greatest common factor of 135 and r?
9
Let o be ((-192)/(-40))/((-4)/(-30)). Let w be o/8*8/(-6). Let g be 8/(-12) - 760/w. What is the highest common divisor of 18 and g?
18
Let w(a) be the second derivative of -a**3/6 + a**2 - 3*a. Let t be w(-3). Suppose -m + t = -19. What is the highest common divisor of 16 and m?
8
Suppose 3*m = 5*r, -3*r + 17*m = 12*m + 16. What is the greatest common divisor of 219 and r?
3
Suppose -6*i + 1979 = 419. Let f be 3/2*i/39. Calculate the highest common divisor of f and 25.
5
Let y = -471 - -546. Calculate the highest common factor of y and 315.
15
Let f be (-132)/121*(-253)/2. Calculate the highest common factor of 42 and f.
6
Let o = 20 + -15. Let v(y) = 0*y**2 - y**2 + o*y**2 + 3*y - 2*y**2. Let p be v(-3). Calculate the highest common factor of 1 and p.
1
Suppose -d - 5*d = 12. Let n = 0 - d. Calculate the greatest common factor of n and 22.
2
Let j be (3732/(-18))/((-12)/18). Suppose -5*f = t - 0*t - 83, 0 = 5*t - f - j. Let z = 115 + -73. Calculate the highest common divisor of z and t.
21
Let u be -115*(38 - 37 - (-26)/(-10)). What is the greatest common factor of 230 and u?
46
Let z = 12 + -9. Suppose -5*y + 2 + 2 = -z*r, r + 5*y + 8 = 0. Let f = r + 21. Calculate the greatest common divisor of 144 and f.
18
Let j(c) = -c + 1. Let b(z) = 2. Let i(f) = -b(f) - 2*j(f). Let p be i(11). Let t be 4/(-6)*(-729)/p. Calculate the greatest common factor of 18 and t.
9
Let y(l) = 18*l**2 - 19*l - 91. Let p be y(-7). What is the highest common divisor of p and 66?
66
Suppose -4*m + 3*m + 2 = 0. Suppose 2*k + m*k = 4.